t of x?
1
Let g(l) = -4*l + 6. Let u be g(2). What is the units digit of u - 2 - 24/(-18)*249?
8
Suppose 0 = 63*k - 67*k + 2*d + 157834, -4*k - 2*d = -157862. What is the thousands digit of k?
9
Suppose -2*p = -2*q - 16, 5*p - 3*q = -7*q + 49. Suppose -p*j + 5*j = -72. What is the units digit of 1/((-15)/j + 1)?
6
Let q(f) = 559*f**2 - 671*f - 4006. What is the ten thousands digit of q(-6)?
2
Let c(w) = -2*w**3 + 148*w**2 + 26*w + 75. What is the tens digit of c(73)?
3
Suppose 2*f - 3*l - 13 = 0, 4*l = 3*f - 8 - 11. Suppose -y - 945 = -5*j, -2*j + 5*y = -f*j + 595. What is the tens digit of j?
9
Let s(q) = q**2 + 190*q + 85010. What is the hundreds digit of s(0)?
0
Suppose 4852 = 4*r - 4*d, -4*d + 1511 + 4545 = 5*r. Suppose -1446 - r = -3*c. What is the tens digit of c?
8
Let p(k) = -k**3 + 20*k**2 - 10*k + 25. Suppose -13 = 2*f - 47. What is the tens digit of p(f)?
2
Suppose -4*r + 26136 - 127965 = -3*m, 30 = -5*r. What is the units digit of m?
5
Suppose 52164 = o + a, 9105*o + 156520 = 9108*o - a. What is the ten thousands digit of o?
5
Let a be 54/(-81) + (-304)/3. Let c = 276 + a. What is the units digit of c?
4
Suppose 0 = 11*g - 13*g + y + 9, 2*y + 23 = 5*g. Suppose 0 = -g*v + 183 + 847. What is the hundreds digit of v?
2
Suppose 19*w - 10*w + 1305600 = 49*w. What is the tens digit of w?
4
Suppose -h = 2*k + h - 16294, 2*k = -3*h + 16300. What is the thousands digit of k?
8
Let z(q) be the third derivative of 1/12*q**5 + 1/120*q**6 + q**2 + 0 - 5/12*q**4 + 4/3*q**3 + 2*q. What is the hundreds digit of z(5)?
2
Let c(k) = 122*k**3 - 95*k**2 - 13*k + 23. What is the tens digit of c(6)?
7
Suppose 4*b - 5*f - 268593 = 0, 7*f - 2*f = -3*b + 201401. What is the units digit of b?
2
Suppose -4*f + 44 + 52 = 0. Let t be (23 - f)*(-1 - 33). What is the hundreds digit of 6*t - (3 + -7)*-1?
2
Let g = 35 - 59. Let v(i) = -i**2 - 24*i - 5. Let b be v(g). What is the units digit of (-3 - -1)*((-20)/b)/(-4)?
2
Let z = -16810 - -23685. What is the units digit of z?
5
Suppose 460349 + 37011 = 80*k. What is the units digit of k?
7
Suppose -2*w - 2*t = -18, -5*t - 10 = -0. Suppose 5*o - 4 = w. What is the units digit of o?
3
Let k = 42 - 34. Let h be 174/10 - k/20. Suppose 105 = 4*v + h. What is the units digit of v?
2
Let s(b) = 3*b**2 + 21. Let h(g) = -3*g**2 + 5*g - 5. Let t be h(2). Let w be (t + -2 + 4)/1. What is the units digit of s(w)?
6
What is the units digit of (119037/4 - 24) + (-2)/8?
5
Let z(u) = 4*u + 23. Let d be z(-2). Suppose 9*m - d*m = -1914. What is the units digit of m?
9
Let l be ((-90013)/(-63) - 0) + 4/18. Suppose -3*h + 5*f + 809 = 0, l = 5*h - 3*f + 70. What is the tens digit of h?
7
Let n be (-4)/(-18) - 6620/(-18). Let d be 1*(-6 + 150/24)*20. Suppose -b - n = -d*b. What is the units digit of b?
2
Let c = 67441 + 4044. What is the thousands digit of c?
1
Suppose 18*h - 16 = 182. Let x(k) = 152*k - 231. What is the thousands digit of x(h)?
1
Let n(o) be the second derivative of -1/2*o**2 + 0 - 1/6*o**4 + 18*o + 37/20*o**5 + 1/3*o**3. What is the units digit of n(1)?
6
Suppose 46*n - 317 = 47*n. Let k = n - -334. What is the units digit of k?
7
Suppose 48 = -14*o + 30*o. Let i(k) = k**3 + 4*k**2 - 2*k - 1. What is the units digit of i(o)?
6
Let p = -150 + 147. Let x(y) = -12*y**3 - 4*y**2 - 9*y - 16. What is the tens digit of x(p)?
9
Suppose -18*c - 18 = -15*c. Let g = c + 133. What is the hundreds digit of g?
1
Let w(d) = 2*d + 51. Let o(r) = 1. Let j(v) = 2*o(v) + w(v). What is the tens digit of j(-20)?
1
Suppose -3*f - b + 1385 = 0, 5*b + 1 = 11. Let m = f - 1091. Let i = m + 887. What is the hundreds digit of i?
2
Suppose 548 = -j - 3*s - 0*s, -2176 = 4*j - 4*s. Let f = 857 + j. Suppose -2*r + f = 100. What is the units digit of r?
6
Suppose -3*r - f = -35952, 2*r + 4*f - 21240 = 2748. What is the thousands digit of r?
1
Let x(o) = -o**3 + o**2 + o + 3. Let g be x(-2). Let i = g - 15. What is the units digit of (-2)/(-2)*0 - (i + 0)?
2
Suppose x + 5*z = 535, -4*z + 2140 = 2*x + 2*x. Suppose x = 9*y - 1544. What is the hundreds digit of y?
2
Let f(l) = 2*l**3 + 21*l**2 + 15*l - 35. What is the hundreds digit of f(15)?
6
Let z(u) = -10*u + 54. Let t be z(6). What is the tens digit of 1981/6 + (13/t - -2)?
3
Suppose -20*x + 24 = -17*x. Suppose 1316 = -4*z + x*z. Suppose z = -19*j + 1070. What is the units digit of j?
9
Let n = 35736 + -22803. What is the tens digit of n?
3
Let z(h) be the third derivative of -17*h**4/12 + 65*h**3/3 - 46*h**2. What is the tens digit of z(-19)?
7
Let h(z) be the second derivative of -7*z**5/120 - 9*z**4/8 - 3*z**3 - z. Let x(g) be the second derivative of h(g). What is the tens digit of x(-11)?
5
Suppose 5*b + 5*q + 12308 = 3238, 5*q = 2*b + 3649. Let f = -999 - b. What is the units digit of f?
8
Let q(p) = -p**2 + 2*p + 13. Let r be q(-3). Let x be (-1 + 2)*r/(2/157). Let z = x - -248. What is the tens digit of z?
9
Suppose -3*x - 3*s = -6*s - 16014, 0 = -5*x - 3*s + 26690. Let c be 1/(x/(-1780) - -3). Suppose -3*l + c = 215. What is the hundreds digit of l?
2
Let h = 85415 + -51885. What is the units digit of h?
0
Let w(m) = 0 + 25*m**2 - 4*m + m**3 - 13 - 30*m**2. Let i be w(6). What is the units digit of 32*(-1)/(i/2)?
4
Suppose -3*l + 177 = 48. Let w = 84 - l. Let d = 93 + w. What is the tens digit of d?
3
Suppose 87*n - 64 = 83*n. Let g be 52/n + 2/(-8). Suppose 2*r = -3*f + 237, 5*f - 3*r - 158 = g*f. What is the units digit of f?
9
What is the ten thousands digit of (1/(-6)*4)/((-244)/9913842)?
2
Suppose n - 2 + 3 = 0. Let y be (n/(-3))/(8/(-72)). What is the units digit of -80*(-3)/(y/(-1))?
0
Suppose -10374 = 116*u - 117*u - 5*o, 31102 = 3*u + 5*o. What is the hundreds digit of u?
3
Suppose -8 = -2*r - 0. Suppose j + 145 = -r*j. Let x = 125 + j. What is the units digit of x?
6
What is the tens digit of ((-5204)/(-9))/(6/27)?
0
What is the tens digit of -53 + 52 - ((-86)/4)/(1/244)?
4
What is the tens digit of 647*((-12)/(-4) + 7)?
7
Let u(p) = 3*p**2 + 12*p. Let t be u(8). Suppose t = -4*g + 10*g. Let v = -37 + g. What is the units digit of v?
1
Let i = 44 - -18. Suppose 126 = c - i. Suppose 12*s - 16*s + c = 0. What is the units digit of s?
7
Let c(w) = 47*w + 50. Let r(u) = 8*u + 20. Let p be r(7). Let v = 81 - p. What is the units digit of c(v)?
5
Suppose y + 71497 = 7*y - 61151. What is the thousands digit of y?
2
Let j = 258 + -278. What is the tens digit of -5*j/(-550) - 11664/(-22)?
3
Let f(w) be the second derivative of 9*w**5/5 + w**4/6 - w**2/2 + 20*w. Let q = 26 + -25. What is the units digit of f(q)?
7
What is the thousands digit of 10/(60/(-18)) - -4609?
4
What is the units digit of (-1133187)/(-33) + 54/6?
8
Let n(s) = 6*s**2 + 7*s + 126. Let c be (-1 - 3) + 5 - -12. What is the hundreds digit of n(c)?
2
Let n = 6351 - -63175. What is the tens digit of n?
2
Suppose 5*g - o = -2*o + 745, 5*g - 2*o = 745. Suppose 6*v = 2*p + 16, v + 4*p + 1 = 8*p. Suppose -v*b + g = -223. What is the hundreds digit of b?
1
Let z = 195 - 190. Suppose -32*n + 37*n = 25, 0 = -2*r - z*n + 671. What is the units digit of r?
3
Suppose 0 = 3*l - 7 + 31. Let z be (0 - 10) + ((-6)/1 - l). What is the tens digit of (-567)/z + (-6)/(-48)?
7
Suppose -35 = 5*g - 2*f, 2*g - 4*f + 7 + 23 = 0. What is the hundreds digit of g - 515/(-10)*6?
3
Let j = 157 + -88. Let d = -69 + j. Suppose 5*m - 5 = 0, -2*r + d*r - 4*m = -86. What is the units digit of r?
1
Let x(m) = 2*m**2 + 17*m. Let v(g) be the first derivative of g**3/3 - g**2 + 8*g + 30. Let p be v(0). What is the hundreds digit of x(p)?
2
What is the hundreds digit of 35/(420/65664) + -1 + -4?
4
What is the ten thousands digit of (2947 - 3)*(0 + -4 + 8)?
1
Let k be 1 + (1 - 2)*4. Let j be (-6)/k - 3 - -506. Suppose 3*h + 4*v - j = 0, -2*h + v - 43 = -398. What is the hundreds digit of h?
1
Let j be 3 + 0 - (2 - -2) - 396. Let r = 1232 + j. What is the tens digit of r?
3
What is the thousands digit of 11 - 336/12 - -18335?
8
Let o(a) = 8408*a - 206. What is the units digit of o(7)?
0
Let q(g) = -1088*g - 26. Let d(y) = -362*y - 8. Let v(t) = 8*d(t) - 3*q(t). What is the units digit of v(1)?
2
Let k(b) = -1723*b + 2226. What is the tens digit of k(-19)?
6
Let m = -54 - -63. Suppose -m - 9 = 2*c. Let j(t) = -t**2 - 12*t - 20. What is the units digit of j(c